y**2 - y - 2. Let o be i(-1). Let l = o - r. Is l composite?
True
Let z = -52 + -11. Let n = z + 42. Is 33/(-9)*-2*n/(-2) a prime number?
False
Suppose -672033 = -3*t + 4*d, 4*t - 4*d - 896018 = -3*d. Is t a composite number?
True
Let z = 1636 + -2639. Let f = 2640 - z. Is f a prime number?
True
Suppose 0*d - 3*d + v = 1, -d + 5*v - 5 = 0. Let h be (-482)/((d + (-4)/(-4))*1). Let z = 975 + h. Is z a composite number?
True
Let g(y) = 8252*y**2 - 11*y + 43. Is g(6) a composite number?
False
Let t = -108542 - -154014. Suppose 0 = 4*p + 5*q - t, -2*q + 34109 = 3*p + 3*q. Is p prime?
False
Let a be 3*(34/(-6) - -4). Let l(w) be the second derivative of -21*w**3 + 11*w**2/2 + 6*w. Is l(a) prime?
True
Suppose -4*l + 18 = -n, -2*l - 2*l + 5*n = -26. Let h be (-2)/7 + 14/49. Suppose 5*c = d + 229 + 111, -5*c - l*d + 315 = h. Is c a prime number?
True
Suppose 5*u - 3*x - 7880 = x, -5*u + x = -7880. Let m = u - 884. Suppose -7 = -o + m. Is o a prime number?
False
Suppose y + 1168 = 4*o - y, y = 2. Let n(a) = a**2 + 4*a + 1. Let g be n(-4). Is ((o/1)/1)/g composite?
False
Let h be -3217*((-10)/(-2) + -4). Let u = 498 - h. Is u a prime number?
False
Suppose 5*w = -3*i + 1405, -3*i - 612 = -3*w + 207. Suppose -2*c + 140 = -2*m - w, -3*m + 6 = 0. Suppose 0*a - x = -2*a + 422, 3*x = -a + c. Is a composite?
False
Suppose 2*a = 3*z + z - 124, -4*z + 124 = 4*a. Suppose 4*t - 9 = z. Suppose -251 = -11*i + t*i. Is i prime?
True
Let o(u) = 17*u**2 - 31*u + 145. Is o(12) prime?
True
Let g(v) = -v**3 + 18*v**2 + 19*v - 12. Let q be g(19). Let m(b) = 2*b**3 + b**2 - 12*b + 27. Let l be m(q). Is (-4 - 15/(-4)) + l/(-4) a prime number?
False
Let h = 54952 - 21551. Is h a prime number?
False
Let t(q) = 566*q**3 + 34*q**2 - 153*q - 12. Is t(5) prime?
True
Suppose -4*f + 6*f = 8386. Let n = f - 2448. Suppose 4*y = -n + 9205. Is y a composite number?
True
Suppose 5*f = -5*c + 10, 6*c - 16 = -5*f + 3*c. Suppose 5*d = 4*r - 2*r + 13257, 2*d = f*r + 5286. Is d a prime number?
False
Let o be 0 - -2312 - -2 - (-63)/21. Suppose -3518 = -2*f - 4*b, -1201 = -2*f - 5*b + o. Is f a composite number?
False
Let p(v) = v + 1. Let c(z) = -21*z + 21. Let q(t) = c(t) + 18*p(t). Let u be q(21). Let b = u - -406. Is b a composite number?
True
Is (-124)/(-248)*(0 - -43262) a prime number?
False
Is (17 - 19) + 5 + 613524 a composite number?
True
Let j be 9/(-6)*-2 + 0. Suppose 5*a - 3171 = -x, 2*x + j*a - 6378 = 2*a. Is x composite?
False
Suppose 3*a = -2*o + 19, -9*a + 5*a + 28 = 4*o. Suppose -9*f - 7047 = -11*f + a*t, -2*f + 7027 = -t. Is f composite?
False
Suppose -f = 3*i + f - 153, -100 = -2*i - 2*f. Suppose -i*n = -47*n - 47406. Is n prime?
True
Let y(i) = 100*i**2 - 8*i - 23. Let w(c) = c**2 + 2*c + 1. Let q(n) = 4*w(n) + y(n). Is q(-7) a composite number?
False
Let z(u) = -34717*u + 1573. Is z(-4) prime?
False
Let x = -2889 - -7235. Let j = x + -1715. Is j composite?
True
Suppose 1156402 = 13183*o - 13157*o. Is o prime?
False
Let n = 21729 - 12358. Is n a prime number?
True
Let r(p) = 1117*p**2 - 94*p + 961. Is r(12) a composite number?
False
Suppose -124*k - 134851675 = -369*k. Is k prime?
False
Let a = 252510 - 112823. Is a a composite number?
True
Let l = -65151 - -111478. Is l prime?
True
Suppose 6*g - 2*g + 3*w = -15, w = 5*g - 5. Suppose 2*h - 5*b - 2228 = -2*b, 4*b + 8 = g. Is h prime?
False
Let y = -17 + 13. Is (y + 1)*-1 + 620 composite?
True
Let m be (-418)/6*(7 + 2). Suppose -s + 1628 = 522. Let k = m + s. Is k composite?
False
Let q(p) = -1356*p + 617. Is q(-52) a composite number?
False
Suppose -122*j - 1410601 = -127*j + 2*a, -564247 = -2*j + 3*a. Is j a prime number?
False
Suppose 4*y = -p + 229, 2*y + 4*p - p - 127 = 0. Let c = 63 - y. Suppose 5*r - c*r = -2174. Is r composite?
False
Suppose 5*q - 168 = -43. Suppose -7086 = -31*b + q*b. Is b a composite number?
False
Suppose -19*v = -15*v - 40. Let a be ((-6415)/v)/((-2)/(-4)). Let u = a - -2004. Is u composite?
True
Suppose 0 = -9*a + 27121 - 25276. Is a composite?
True
Let k(u) = 24*u**2 + 96*u + 4. Let b be k(-4). Suppose b*a = -l + 6*a + 541, 5*a + 526 = l. Is l a composite number?
True
Let r = -18 - -61. Is (9587 + 0)*(-42 + r) a prime number?
True
Let r(m) be the second derivative of m**4/3 + 7*m**3/3 - 25*m**2/2 - 224*m - 5. Let x(q) = -15*q**3 + 2*q**2 - 1. Let v be x(1). Is r(v) a prime number?
True
Let p be 1672/(-2) - 4/(4/(-3)). Let s = p + 1620. Let h = 1574 - s. Is h a prime number?
True
Let d(u) = -u**3 - 7*u**2 + 10*u + 19. Suppose -4*q - 46 = -14. Let k be d(q). Suppose -5*c = 2*p + 2*p - 4369, -3*c + 2619 = k*p. Is c a composite number?
False
Let y(m) = -1152*m - 7. Let g be y(-6). Suppose -z + r = -1387, 5*z - 6*r = -7*r + g. Is -7*(-3 - -4 - z) a prime number?
False
Let d = -211221 + 1334372. Is d a prime number?
True
Let x be (96/(-30) + 4)/(2/38305). Let d = -9574 + x. Suppose 0 = 3*z - 3*h - 3105, 5*z + 3*h - d = -557. Is z prime?
False
Let f be 2 + (4 - 3)*2. Suppose 0 = -0*c + c - l - 613, 0 = -f*l. Suppose 29*g - 30*g = -c. Is g composite?
False
Suppose -2*b - 4*q = -3 + 1, 6 = 2*b + 2*q. Suppose 4*u - b*g = 6217, 5*g = -10*u + 9*u + 1548. Is u prime?
True
Let m(a) = -a**2 - 2*a + 17. Let v be m(3). Suppose 6*l - 2*l - 357 = 5*d, -d = v*l - 161. Is l a composite number?
False
Let b = -10 - -28. Suppose -y = -3*h + b, -4*y = 3*h + 3 + 9. Is (-203)/(-1) + 6 + 36/y a composite number?
True
Suppose 25*n - 24*n - 4*o - 9597 = 0, 0 = 5*n + 5*o - 48085. Is n a composite number?
False
Let q(y) = -y**3 + 119*y**2 - 166*y + 763. Is q(90) composite?
True
Let b(t) = -74*t**2 - t. Let y be b(5). Suppose -36*o + 112746 = -7350. Let l = y + o. Is l a prime number?
True
Suppose -5*u - j = -11, -2*u - 6*j = -2*j - 8. Suppose i + 2 = 2*n, 0 = i + 4*n - u - 2. Suppose 2*c - 167 = -w, i*c + 81 = c - 2*w. Is c prime?
True
Let p = 1458 + 28480. Let y = p + -13833. Is y a composite number?
True
Suppose -333*n + 147*n + 2243283 = -165*n. Is n a composite number?
False
Suppose -5*w + 162 = -2*w. Suppose -w - 41 = -5*p. Suppose 20*b = p*b + 382. Is b composite?
True
Let k(l) = 5*l**3 - 15*l**2 + 353*l - 8. Is k(15) a composite number?
False
Is 1882881/52 + (-2)/4*3/6 prime?
True
Is 4314264/9 - 1045/285 a composite number?
True
Let y(b) = -5*b**3 - 3*b**2 + 22*b + 7. Let s(k) = 14*k**3 + 10*k**2 - 65*k - 20. Let w(m) = -4*s(m) - 11*y(m). Let c be w(-9). Is (-97)/(2/3 - 5/c) prime?
True
Suppose -5*u + 4765 = 5*a, -2857 = a - 4*a - 2*u. Let t(d) = 180*d - 632. Let f be t(8). Let i = a + f. Is i prime?
True
Let m be 12/8*4/1. Let x(c) = -c**2 + 8*c - 8. Let g be x(m). Suppose g*h - 6294 = 2*h. Is h a prime number?
False
Let v(u) = -u + 8. Let p be v(6). Suppose -x + 1832 = -p*c, 5*x + 2*c - 1350 = 7750. Suppose 2 = t, 970 = 2*o + 3*t - x. Is o a prime number?
False
Let g(m) be the third derivative of -839*m**4/24 + 88*m**3/3 - 2*m**2 + 42*m. Is g(-7) prime?
False
Let t(p) = 30*p**3 - 4*p**2 + 7. Let o(l) = -3*l**2 - 18*l - 10. Let z be o(-5). Let r be t(z). Suppose -6*h - r = -9*h. Is h composite?
True
Suppose 7 = 5*c - 3. Let t(g) = 5*g - 7. Let h be t(c). Suppose -2*v + 2935 = h*v. Is v composite?
False
Suppose 0 = -12*i + 6000 - 2508. Suppose -292*k + i*k = -2959. Is k composite?
True
Let l be 9 + -1102 + (0 - -1). Let x = -529 - l. Let a = x - 396. Is a composite?
False
Let z(x) = 71*x - 66. Let j be z(-22). Let t be (-9)/(((-20)/j)/5). Let s = t + 6442. Is s a prime number?
False
Let b(p) = p + 15. Let t be b(-12). Suppose t*z - 2430 = 7239. Is z composite?
True
Let t = 263989 + -23570. Is t composite?
True
Let l(d) = 30*d**3 - 16*d**2 + 28*d + 109. Is l(8) a prime number?
True
Let m(p) = 51*p - 120*p + 197*p**2 + 14 + 6*p - p. Is m(-13) a prime number?
False
Let n be (-26)/(-12)*3 + 6/(-4). Suppose 5*d - z - 10268 = 0, 9*z - 11*z + 10259 = n*d. Is d a prime number?
True
Let c = 8698 + -4869. Is c a prime number?
False
Suppose -19*t = -39 - 75. Is 7 + (t - 31288/(-4)) a composite number?
True
Suppose -w - 22 = -2*m - 3*w, 3*m + w - 31 = 0. Suppose -3*l = 4 - m. Is (((-552)/(-4))/l)/3 composite?
False
Suppose -26*j - 4282428 = -38*j. Is j prime?
True
Let z(u) = 3939*u**2 + 4*u - 118. Is z(-9) composite?
True
Let u = 27 + 1955. Suppose 1402 = -3*t + 2*q - 550, 4*q = -3*t - u. Let n = t - -1443. Is n prime?
False
Let